{"id":201080,"date":"2022-07-03T14:09:19","date_gmt":"2022-07-03T14:09:19","guid":{"rendered":"https:\/\/alicantecenter.com\/locations\/moraira\/"},"modified":"2023-06-25T13:18:26","modified_gmt":"2023-06-25T13:18:26","slug":"moraira","status":"publish","type":"page","link":"https:\/\/alicantecenter.com\/es\/localidades\/moraira\/","title":{"rendered":"Moraira"},"content":{"rendered":"Moraira es otra de las peque\u00f1as poblaciones de la Costa Blanca que se caracteriza por su hermoso estilo mediterraneo. Supoblacic\u00f3n ronda en torno a tan solo 14.000 habitantes, mas de la mitad de los cuales son de origenes extrabjeras. Lo que no sorprende si nos fijamos en la enorme cantidad de ventajas que ofrece este peque\u00f1o lugar. Desde su oferta gastron\u00f3mica, tanto con platos t\u00edpicos como cocinas del mundo, hasta sus 7 playas, muchas de las cuales galardonadas con la Bandera Azul de la Union Europea. Ello resulta como uno de los orgullos de sus habitantes, ya que se ha logrado preservar la autenticidad y el privilegio de su entorno natural, a pesar del continuo desarrollo y expansi\u00f3n tur\u00edstica que ha experimentado la zona a lo largo de los ultimos a\u00f1os. Ello hace de Moraira no solo un buen lugar para visitar, sino tambi\u00e9n para vivir o invertir, ya que su desarrollo aun no ha parado y se prev\u00e9 que alcance otros grandes horizontes.","protected":false},"excerpt":{"rendered":"<p>Moraira es otra de las peque\u00f1as poblaciones de la Costa Blanca que se caracteriza por su hermoso estilo mediterraneo. Supoblacic\u00f3n ronda en torno a tan solo 14.000 habitantes, mas de la mitad de los cuales son de origenes extrabjeras. Lo que no sorprende si nos fijamos en la enorme cantidad de ventajas que ofrece este [&hellip;]<\/p>\n","protected":false},"author":1,"featured_media":256011,"parent":201068,"menu_order":0,"comment_status":"closed","ping_status":"closed","template":"","meta":{"_acf_changed":false,"footnotes":""},"class_list":["post-201080","page","type-page","status-publish","has-post-thumbnail","hentry"],"acf":[],"yoast_head":"<!-- This site is optimized with the Yoast SEO plugin v27.5 - https:\/\/yoast.com\/product\/yoast-seo-wordpress\/ -->\n<title>Moraira - Alicante - VYM Canarias<\/title>\n<meta name=\"description\" content=\"Moraira\" \/>\n<meta name=\"robots\" content=\"index, follow, max-snippet:-1, max-image-preview:large, max-video-preview:-1\" \/>\n<link rel=\"canonical\" href=\"https:\/\/alicantecenter.com\/es\/localidades\/moraira\/\" \/>\n<meta property=\"og:locale\" content=\"es_ES\" \/>\n<meta property=\"og:type\" content=\"article\" \/>\n<meta property=\"og:title\" content=\"Moraira - Alicante - VYM Canarias\" \/>\n<meta property=\"og:description\" content=\"Moraira\" \/>\n<meta property=\"og:url\" content=\"https:\/\/alicantecenter.com\/es\/localidades\/moraira\/\" \/>\n<meta property=\"og:site_name\" content=\"Alicante - VYM Canarias\" \/>\n<meta property=\"article:publisher\" content=\"https:\/\/www.facebook.com\/vym.canarias\" \/>\n<meta property=\"article:modified_time\" content=\"2023-06-25T13:18:26+00:00\" \/>\n<meta property=\"og:image\" content=\"https:\/\/alicantecenter.com\/wp-content\/uploads\/2023\/06\/vym-canarias-office-2.jpeg\" \/>\n\t<meta property=\"og:image:width\" content=\"1920\" \/>\n\t<meta property=\"og:image:height\" content=\"350\" \/>\n\t<meta property=\"og:image:type\" content=\"image\/jpeg\" \/>\n<meta name=\"twitter:card\" content=\"summary_large_image\" \/>\n<meta name=\"twitter:label1\" content=\"Tiempo de lectura\" \/>\n\t<meta name=\"twitter:data1\" content=\"1 minuto\" \/>\n<script type=\"application\/ld+json\" class=\"yoast-schema-graph\">{\"@context\":\"https:\\\/\\\/schema.org\",\"@graph\":[{\"@type\":\"WebPage\",\"@id\":\"https:\\\/\\\/alicantecenter.com\\\/es\\\/localidades\\\/moraira\\\/\",\"url\":\"https:\\\/\\\/alicantecenter.com\\\/es\\\/localidades\\\/moraira\\\/\",\"name\":\"Moraira - Alicante - VYM Canarias\",\"isPartOf\":{\"@id\":\"https:\\\/\\\/alicantecenter.com\\\/es\\\/#website\"},\"primaryImageOfPage\":{\"@id\":\"https:\\\/\\\/alicantecenter.com\\\/es\\\/localidades\\\/moraira\\\/#primaryimage\"},\"image\":{\"@id\":\"https:\\\/\\\/alicantecenter.com\\\/es\\\/localidades\\\/moraira\\\/#primaryimage\"},\"thumbnailUrl\":\"https:\\\/\\\/alicantecenter.com\\\/wp-content\\\/uploads\\\/2023\\\/06\\\/vym-canarias-office-2.jpeg\",\"datePublished\":\"2022-07-03T14:09:19+00:00\",\"dateModified\":\"2023-06-25T13:18:26+00:00\",\"description\":\"Moraira\",\"breadcrumb\":{\"@id\":\"https:\\\/\\\/alicantecenter.com\\\/es\\\/localidades\\\/moraira\\\/#breadcrumb\"},\"inLanguage\":\"es\",\"potentialAction\":[{\"@type\":\"ReadAction\",\"target\":[\"https:\\\/\\\/alicantecenter.com\\\/es\\\/localidades\\\/moraira\\\/\"]}]},{\"@type\":\"ImageObject\",\"inLanguage\":\"es\",\"@id\":\"https:\\\/\\\/alicantecenter.com\\\/es\\\/localidades\\\/moraira\\\/#primaryimage\",\"url\":\"https:\\\/\\\/alicantecenter.com\\\/wp-content\\\/uploads\\\/2023\\\/06\\\/vym-canarias-office-2.jpeg\",\"contentUrl\":\"https:\\\/\\\/alicantecenter.com\\\/wp-content\\\/uploads\\\/2023\\\/06\\\/vym-canarias-office-2.jpeg\",\"width\":1920,\"height\":350},{\"@type\":\"BreadcrumbList\",\"@id\":\"https:\\\/\\\/alicantecenter.com\\\/es\\\/localidades\\\/moraira\\\/#breadcrumb\",\"itemListElement\":[{\"@type\":\"ListItem\",\"position\":1,\"name\":\"Home\",\"item\":\"https:\\\/\\\/alicantecenter.com\\\/es\\\/\"},{\"@type\":\"ListItem\",\"position\":2,\"name\":\"Localidades\",\"item\":\"https:\\\/\\\/alicantecenter.com\\\/es\\\/localidades\\\/\"},{\"@type\":\"ListItem\",\"position\":3,\"name\":\"Moraira\"}]},{\"@type\":\"WebSite\",\"@id\":\"https:\\\/\\\/alicantecenter.com\\\/es\\\/#website\",\"url\":\"https:\\\/\\\/alicantecenter.com\\\/es\\\/\",\"name\":\"Alicante - VYM Canarias\",\"description\":\"Real Estate - Alicante\",\"potentialAction\":[{\"@type\":\"SearchAction\",\"target\":{\"@type\":\"EntryPoint\",\"urlTemplate\":\"https:\\\/\\\/alicantecenter.com\\\/es\\\/?s={search_term_string}\"},\"query-input\":{\"@type\":\"PropertyValueSpecification\",\"valueRequired\":true,\"valueName\":\"search_term_string\"}}],\"inLanguage\":\"es\"}]}<\/script>\n<!-- \/ Yoast SEO plugin. -->","yoast_head_json":{"title":"Moraira - Alicante - VYM Canarias","description":"Moraira","robots":{"index":"index","follow":"follow","max-snippet":"max-snippet:-1","max-image-preview":"max-image-preview:large","max-video-preview":"max-video-preview:-1"},"canonical":"https:\/\/alicantecenter.com\/es\/localidades\/moraira\/","og_locale":"es_ES","og_type":"article","og_title":"Moraira - Alicante - VYM Canarias","og_description":"Moraira","og_url":"https:\/\/alicantecenter.com\/es\/localidades\/moraira\/","og_site_name":"Alicante - VYM Canarias","article_publisher":"https:\/\/www.facebook.com\/vym.canarias","article_modified_time":"2023-06-25T13:18:26+00:00","og_image":[{"width":1920,"height":350,"url":"https:\/\/alicantecenter.com\/wp-content\/uploads\/2023\/06\/vym-canarias-office-2.jpeg","type":"image\/jpeg"}],"twitter_card":"summary_large_image","twitter_misc":{"Tiempo de lectura":"1 minuto"},"schema":{"@context":"https:\/\/schema.org","@graph":[{"@type":"WebPage","@id":"https:\/\/alicantecenter.com\/es\/localidades\/moraira\/","url":"https:\/\/alicantecenter.com\/es\/localidades\/moraira\/","name":"Moraira - Alicante - VYM Canarias","isPartOf":{"@id":"https:\/\/alicantecenter.com\/es\/#website"},"primaryImageOfPage":{"@id":"https:\/\/alicantecenter.com\/es\/localidades\/moraira\/#primaryimage"},"image":{"@id":"https:\/\/alicantecenter.com\/es\/localidades\/moraira\/#primaryimage"},"thumbnailUrl":"https:\/\/alicantecenter.com\/wp-content\/uploads\/2023\/06\/vym-canarias-office-2.jpeg","datePublished":"2022-07-03T14:09:19+00:00","dateModified":"2023-06-25T13:18:26+00:00","description":"Moraira","breadcrumb":{"@id":"https:\/\/alicantecenter.com\/es\/localidades\/moraira\/#breadcrumb"},"inLanguage":"es","potentialAction":[{"@type":"ReadAction","target":["https:\/\/alicantecenter.com\/es\/localidades\/moraira\/"]}]},{"@type":"ImageObject","inLanguage":"es","@id":"https:\/\/alicantecenter.com\/es\/localidades\/moraira\/#primaryimage","url":"https:\/\/alicantecenter.com\/wp-content\/uploads\/2023\/06\/vym-canarias-office-2.jpeg","contentUrl":"https:\/\/alicantecenter.com\/wp-content\/uploads\/2023\/06\/vym-canarias-office-2.jpeg","width":1920,"height":350},{"@type":"BreadcrumbList","@id":"https:\/\/alicantecenter.com\/es\/localidades\/moraira\/#breadcrumb","itemListElement":[{"@type":"ListItem","position":1,"name":"Home","item":"https:\/\/alicantecenter.com\/es\/"},{"@type":"ListItem","position":2,"name":"Localidades","item":"https:\/\/alicantecenter.com\/es\/localidades\/"},{"@type":"ListItem","position":3,"name":"Moraira"}]},{"@type":"WebSite","@id":"https:\/\/alicantecenter.com\/es\/#website","url":"https:\/\/alicantecenter.com\/es\/","name":"Alicante - VYM Canarias","description":"Real Estate - Alicante","potentialAction":[{"@type":"SearchAction","target":{"@type":"EntryPoint","urlTemplate":"https:\/\/alicantecenter.com\/es\/?s={search_term_string}"},"query-input":{"@type":"PropertyValueSpecification","valueRequired":true,"valueName":"search_term_string"}}],"inLanguage":"es"}]}},"_links":{"self":[{"href":"https:\/\/alicantecenter.com\/es\/wp-json\/wp\/v2\/pages\/201080","targetHints":{"allow":["GET"]}}],"collection":[{"href":"https:\/\/alicantecenter.com\/es\/wp-json\/wp\/v2\/pages"}],"about":[{"href":"https:\/\/alicantecenter.com\/es\/wp-json\/wp\/v2\/types\/page"}],"author":[{"embeddable":true,"href":"https:\/\/alicantecenter.com\/es\/wp-json\/wp\/v2\/users\/1"}],"replies":[{"embeddable":true,"href":"https:\/\/alicantecenter.com\/es\/wp-json\/wp\/v2\/comments?post=201080"}],"version-history":[{"count":0,"href":"https:\/\/alicantecenter.com\/es\/wp-json\/wp\/v2\/pages\/201080\/revisions"}],"up":[{"embeddable":true,"href":"https:\/\/alicantecenter.com\/es\/wp-json\/wp\/v2\/pages\/201068"}],"wp:featuredmedia":[{"embeddable":true,"href":"https:\/\/alicantecenter.com\/es\/wp-json\/wp\/v2\/media\/256011"}],"wp:attachment":[{"href":"https:\/\/alicantecenter.com\/es\/wp-json\/wp\/v2\/media?parent=201080"}],"curies":[{"name":"wp","href":"https:\/\/api.w.org\/{rel}","templated":true}]}}

Moraira es otra de las pequeñas poblaciones de la Costa Blanca que se caracteriza por su hermoso estilo mediterraneo. Supoblacicón ronda en torno a tan solo 14.000 habitantes, mas de la mitad de los cuales son de origenes extrabjeras. Lo que no sorprende si nos fijamos en la enorme cantidad de ventajas que ofrece este pequeño lugar. Desde su oferta gastronómica, tanto con platos típicos como cocinas del mundo, hasta sus 7 playas, muchas de las cuales galardonadas con la Bandera Azul de la Union Europea. Ello resulta como uno de los orgullos de sus habitantes, ya que se ha logrado preservar la autenticidad y el privilegio de su entorno natural, a pesar del continuo desarrollo y expansión turística que ha experimentado la zona a lo largo de los ultimos años. Ello hace de Moraira no solo un buen lugar para visitar, sino también para vivir o invertir, ya que su desarrollo aun no ha parado y se prevé que alcance otros grandes horizontes.

<p>Moraira es otra de las pequeñas poblaciones de la Costa Blanca que se caracteriza por su hermoso estilo mediterraneo. Supoblacicón ronda en torno a tan solo 14.000 habitantes, mas de la mitad de los cuales son de origenes extrabjeras. Lo que no sorprende si nos fijamos en la enorme cantidad de ventajas que ofrece este [&hellip;]</p>
